7
What are the prime factors of 24585?
3, 5, 11, 149
What are the prime factors of 4513?
4513
List the prime factors of 406.
2, 7, 29
List the prime factors of 4074.
2, 3, 7, 97
What are the prime factors of 16596?
2, 3, 461
What are the prime factors of 26077?
89, 293
What are the prime factors of 5066?
2, 17, 149
List the prime factors of 2379.
3, 13, 61
What are the prime factors of 2652?
2, 3, 13, 17
List the prime factors of 375.
3, 5
What are the prime factors of 69211?
67, 1033
List the prime factors of 1474.
2, 11, 67
List the prime factors of 8238.
2, 3, 1373
What are the prime factors of 1528?
2, 191
What are the prime factors of 801?
3, 89
List the prime factors of 2317.
7, 331
List the prime factors of 692.
2, 173
List the prime factors of 149.
149
List the prime factors of 50753.
50753
What are the prime factors of 2607?
3, 11, 79
What are the prime factors of 19513?
13, 19, 79
List the prime factors of 1670.
2, 5, 167
List the prime factors of 35514.
2, 3, 1973
What are the prime factors of 32249?
7, 17, 271
What are the prime factors of 9304?
2, 1163
List the prime factors of 530.
2, 5, 53
What are the prime factors of 29958?
2, 3, 4993
List the prime factors of 12400.
2, 5, 31
What are the prime factors of 16647?
3, 31, 179
List the prime factors of 3880.
2, 5, 97
List the prime factors of 772.
2, 193
What are the prime factors of 2967?
3, 23, 43
What are the prime factors of 798?
2, 3, 7, 19
What are the prime factors of 42266?
2, 7, 3019
List the prime factors of 1793.
11, 163
List the prime factors of 10099.
10099
List the prime factors of 2721.
3, 907
List the prime factors of 30980.
2, 5, 1549
List the prime factors of 985.
5, 197
List the prime factors of 811.
811
List the prime factors of 20478.
2, 3, 3413
List the prime factors of 13569.
3, 4523
List the prime factors of 25587.
3, 2843
List the prime factors of 16005.
3, 5, 11, 97
What are the prime factors of 30992?
2, 13, 149
List the prime factors of 4874.
2, 2437
List the prime factors of 3323.
3323
List the prime factors of 1532.
2, 383
List the prime factors of 3726.
2, 3, 23
What are the prime factors of 22541?
22541
List the prime factors of 389.
389
List the prime factors of 4336.
2, 271
List the prime factors of 1775.
5, 71
List the prime factors of 321.
3, 107
List the prime factors of 42021.
3, 7, 23, 29
List the prime factors of 192.
2, 3
What are the prime factors of 16175?
5, 647
What are the prime factors of 14860?
2, 5, 743
List the prime factors of 11531.
13, 887
What are the prime factors of 42941?
23, 1867
What are the prime factors of 67962?
2, 3, 47, 241
List the prime factors of 1008.
2, 3, 7
What are the prime factors of 15422?
2, 11, 701
List the prime factors of 125.
5
List the prime factors of 7454.
2, 3727
List the prime factors of 998.
2, 499
List the prime factors of 62596.
2, 15649
List the prime factors of 1773.
3, 197
List the prime factors of 177.
3, 59
List the prime factors of 687.
3, 229
What are the prime factors of 27182?
2, 13591
List the prime factors of 427.
7, 61
List the prime factors of 1709.
1709
What are the prime factors of 3414?
2, 3, 569
List the prime factors of 1312.
2, 41
What are the prime factors of 461?
461
What are the prime factors of 11057?
11057
What are the prime factors of 931?
7, 19
What are the prime factors of 88874?
2, 37, 1201
What are the prime factors of 2690?
2, 5, 269
List the prime factors of 33455.
5, 6691
List the prime factors of 1981.
7, 283
What are the prime factors of 388?
2, 97
List the prime factors of 1758.
2, 3, 293
What are the prime factors of 24745?
5, 7, 101
What are the prime factors of 13146?
2, 3, 7, 313
List the prime factors of 16385.
5, 29, 113
List the prime factors of 11879.
7, 1697
List the prime factors of 2058.
2, 3, 7
List the prime factors of 1295.
5, 7, 37
What are the prime factors of 3647?
7, 521
List the prime factors of 1098.
2, 3, 61
What are the prime factors of 1103?
1103
List the prime factors of 182406.
2, 3, 7, 43, 101
What are the prime factors of 2171?
13, 167
What are the prime factors of 21859?
21859
What are the prime factors of 75650?
2, 5, 17, 89
What are the prime factors of 648?
2, 3
List the prime factors of 8652.
2, 3, 7, 103
List the prime factors of 10010.
2, 5, 7, 11, 13
What are the prime factors of 14708?
2, 3677
What are the prime factors of 3498?
2, 3, 11, 53
What are the prime factors of 2423?
2423
What are the prime factors of 320?
2, 5
List the prime factors of 2646.
2, 3, 7
List the prime factors of 10284.
2, 3, 857
What are the prime factors of 24396?
2, 3, 19, 107
List the prime factors of 66501.
3, 821
List the prime factors of 62452.
2, 13, 1201
List the prime factors of 122295.
3, 5, 31, 263
List the prime factors of 295.
5, 59
List the prime factors of 52035.
3, 5, 3469
List the prime factors of 23392.
2, 17, 43
What are the prime factors of 64407?
3, 7, 3067
What are the prime factors of 70?
2, 5, 7
What are the prime factors of 38571?
3, 13, 23, 43
List the prime factors of 1158.
2, 3, 193
What are the prime factors of 1478?
2, 739
What are the prime factors of 2532?
2, 3, 211
List the prime factors of 592.
2, 37
What are the prime factors of 29543?
31, 953
List the prime factors of 1674.
2, 3, 31
List the prime factors of 22772.
2, 5693
What are the prime factors of 10063?
29, 347
What are the prime factors of 7365?
3, 5, 491
List the prime factors of 858.
2, 3, 11, 13
What are the prime factors of 1753?
1753
What are the prime factors of 9182?
2, 4591
List the prime factors of 7665.
3, 5, 7, 73
List the prime factors of 29652.
2, 3, 7, 353
List the prime factors of 7761.
3, 13, 199
What are the prime factors of 2941?
17, 173
List the prime factors of 40973.
40973
List the prime factors of 2163.
3, 7, 103
What are the prime factors of 6461?
7, 13, 71
List the prime factors of 180.
2, 3, 5
List the prime factors of 5585.
5, 1117
What are the prime factors of 131495?
5, 7, 13, 17
List the prime factors of 25166.
2, 12583
List the prime factors of 984.
2, 3, 41
List the prime factors of 50108.
2, 12527
What are the prime factors of 1253?
7, 179
What are the prime factors of 1957?
19, 103
List the prime factors of 29744.
2, 11, 13
List the prime factors of 567.
3, 7
What are the prime factors of 3361?
3361
What are the prime factors of 24543?
3, 101
List the prime factors of 3852.
2, 3, 107
What are the prime factors of 4072?
2, 509
List the prime factors of 8944.
2, 13, 43
What are the prime factors of 2131?
2131
List the prime factors of 113039.
113039
What are the prime factors of 16187?
16187
What are the prime factors of 1954?
2, 977
What are the prime factors of 42490?
2, 5, 7, 607
List the prime factors of 156.
2, 3, 13
List the prime factors of 14268.
2, 3, 29, 41
List the prime factors of 8991.
3, 37
List the prime factors of 43246.
2, 7, 3089
List the prime factors of 27879.
3, 9293
What are the prime factors of 929?
929
List the prime factors of 859.
859
What are the prime factors of 69636?
2, 3, 7, 829
What are the prime factors of 6044?
2, 1511
What are the prime factors of 5002?
2, 41, 61
What are the prime factors of 942?
2, 3, 157
List the prime factors of 2516.
2, 17, 37
List the prime factors of 20395.
5, 4079
List the prime factors of 3866.
2, 1933
List the prime factors of 20510.
2, 5, 7, 293
List the prime factors of 23926.
2, 7, 1709
List the prime factors of 3864.
2, 3, 7, 23
List the prime factors of 8485.
5, 1697
List the prime factors of 8954.
2, 11, 37
What are the prime factors of 8653?
17, 509
List the prime factors of 160.
2, 5
What are the prime factors of 1883?
7, 269
List the prime factors of 46.
2, 23
What are the prime factors of 10757?
31, 347
List the prime factors of 13891.
29, 479
What are the prime factors of 56126?
2, 7, 19, 211
What are the prime factors of 32173?
32173
What are the prime factors of 2844?
2, 3, 79
List the prime factors of 71633.
71633
List the prime factors of 8799.
3, 7, 419
What are the prime factors of 1793?
11, 163
What are the prime factors of 1660?
2, 5, 83
List the prime factors of 15835.
5, 3167
What are the prime factors of 4291?
7, 613
List the prime factors of 7271.
11, 661
What are the prime factors of 2446?
2, 1223
List the prime factors of 9246.
2, 3, 23, 6